 23*h. Let u be -8 + 14 - (-1)/(-1). Calculate q(u).
8
Let g(r) be the first derivative of -r + 1/6*r**3 + r**2 - 1. Let p(t) be the first derivative of g(t). Give p(0).
2
Let a(j) = -2*j - 35. Let w(v) = 45*v + 168. Let b be w(-4). Give a(b).
-11
Let s(f) = -39*f**2 + 2*f - 3*f**3 + f**3 + 43*f**2 + f**3 - 9. What is s(4)?
-1
Let n(p) = 11*p**2 + 349*p - 181*p - 173*p - 2*p**3. What is n(5)?
0
Let d(k) = 3*k - 1. Let q(r) = 14*r + 7. Let m(o) = -5*d(o) + q(o). Calculate m(6).
6
Let t(g) = -g**3 + 6*g**2 - 9*g + 7. Let f = -173 + 177. What is t(f)?
3
Let c = -51 + 53. Let r(u) = 295*u - c - 296*u + 0*u**2 + 4*u**2 + u**3. Calculate r(-4).
2
Let d = -406 + 401. Let p(b) = b**3 + 5*b**2 + 4*b + 7. Determine p(d).
-13
Let x be (-22)/(-110) + (-87)/(-15) + 1. Suppose 3*r = -a + 2*r + 5, 0 = -2*a - r + 7. Let f(y) = 3*y**a + 9*y - 8 - y**2 - y**3 + 4*y**2. Determine f(x).
6
Let w(n) = -n**2 + 6*n - 3. Suppose d = 5*b + 27, -5*d + 5*b - 14 = -49. Give w(d).
5
Let f be (-2)/((-12)/2)*15. Let y(n) = 5*n**2 + 3*n - 5. Let z(j) = -2*j**2 + j. Let l(p) = -y(p) - 3*z(p). Determine l(f).
0
Let a(d) = 5*d**2 - 17*d - 16. Let m(q) be the first derivative of q**3/3 - 2*q**2 - 4*q + 25. Let w(x) = -2*a(x) + 9*m(x). Determine w(-3).
-7
Let g(r) be the second derivative of r**5/20 - 7*r**4/12 + r**3/3 - 5*r**2 - 8*r. Let f be g(7). Let h(b) = 7 - 1 - f + 4 - b. What is h(-5)?
11
Let z(h) = -9*h - 1 + 4 + 11*h. Let q be z(3). Let j(o) = -o**3 + 9*o**2 - 10. Give j(q).
-10
Suppose -16 = 2*n + 4*d, 3*n + d - 1 = -0*n. Suppose 3*h - 13 = u, -n*u + 2 - 10 = 0. Let v(c) = -3 - 3*c**3 - 48*c - h*c**2 + 2*c**3 + 47*c. Give v(-3).
0
Suppose 0 = 2*i - 2*h, -6*h - 21 = i - 7. Let j(s) = 6*s + 4. Calculate j(i).
-8
Let s(t) = 22*t - 14. Let k(n) = -n + 2. Let b(g) = 8*k(g) + s(g). What is b(-2)?
-26
Let v(y) = y**3 - y**2 - y - 1. Let h(a) = -a**2 - a + 4. Let u be -3 + (-6)/((-12)/10). Let j be h(u). Determine v(j).
-11
Let z(v) = 12*v**2 + 11*v + 84*v**3 - 118*v**3 - 1 + 35*v**3. Calculate z(-11).
-1
Let t(d) be the first derivative of -4*d**2 - 2*d - 5 - 1/3*d**3. Let y(b) = -b**2 + 3*b - 3. Let a be y(4). Give t(a).
5
Let v(m) = -33*m + 231. Let f be v(7). Let o(k) = k. What is o(f)?
0
Let y(p) be the second derivative of -5*p**4/12 + 19*p**3/3 + 8*p**2 + 199*p + 1. Give y(8).
0
Let s(j) = -2*j - 2. Let q = 58 - 32. Suppose -8 = 3*c - q. Suppose 0 = -6*i + 3*i + 2*r - c, -8 = 4*i + 4*r. Determine s(i).
2
Let m(a) be the first derivative of -a**4/4 + 8*a**3/3 + 9*a**2/2 + a + 62. Determine m(9).
1
Let n(v) be the first derivative of 0*v**2 + 6*v - 1/20*v**5 + 1/6*v**4 + 1/6*v**3 + 4. Let i(l) be the first derivative of n(l). Calculate i(2).
2
Let x(t) = 3*t**2 - 2*t + 0*t + t**3 - 2*t - 4. Let o = 134 - 137. Calculate x(o).
8
Suppose 3*n - 5*z + 3 = 0, -3*n + 20 = -n + 4*z. Suppose 0*b = -b + n. Suppose 0 = b*a - 22 - 2. Let j(q) = q**3 - 5*q**2 - 8*q - 5. What is j(a)?
-17
Let v(k) = -k**3 + 12 - 4*k**2 + 10*k + 0 - 3*k**2 + 0*k**3. Determine v(-8).
-4
Let a(h) = 7*h + 4. Suppose -24 = -i - 28. Calculate a(i).
-24
Let k(x) = -x**2 + x - 5. Let v be k(0). Let p be v + 0 + (-4 - -3). Let c(z) = z**2 + 5*z - 6. Calculate c(p).
0
Let g(y) be the first derivative of y**4/24 - 5*y**3/6 + 33*y**2/2 - 34. Let o(x) be the second derivative of g(x). Give o(-4).
-9
Let h(k) be the second derivative of -k**5/20 - k**4/4 + k**3/6 - k**2 - 102*k. Let j(m) = -m - 3. Let o be j(3). Let x be o/4 - 9/6. Give h(x).
-5
Let k = -41 + 43. Let x(l) = -6*l**2 + 9 + 8*l**2 + 9*l**k - 2*l**2 - l**3. What is x(9)?
9
Let x(w) = -w**2 - 6*w - 2. Let b(v) = -v**2 - 9*v - 20. Let f be b(-7). Let z be x(f). Let r(o) = -2*o**3 + o**2 - 2*o - 1. Determine r(z).
23
Let h(c) = 4 - 14*c - 12*c**2 + c**3 + 20 - 2*c + 25*c. What is h(11)?
2
Let u(h) = h**2 - 5*h - 8. Suppose 10*y = 5*y - m + 30, 0 = 5*m - 25. Calculate u(y).
-8
Let r(w) = -6*w - 19. Let p(l) = 14*l + 42. Let y(u) = -2*p(u) - 5*r(u). What is y(3)?
17
Suppose 3*k = -0*n + 3*n + 42, -5*k = -3*n - 50. Let u be ((-8)/(-10))/((-4)/n). Let o(q) = 4 - u*q**2 - q - q**3 + 4*q + 0. Calculate o(-3).
4
Let w(n) = n - 1. Suppose 0 = -c - 4*x - 16, 3*x = 4*c + 4*x + 4. Calculate w(c).
-1
Let u(j) = -2*j - 4. Let i(v) = v. Let x be i(-1). Let o be -1*(-1 + x + 0). Suppose -4*h + 28 = -3*r, 4*h - 12 = -o*r - h. Give u(r).
4
Suppose 143 = -28*c + 17*c. Let p(o) = -o**2 - 15*o - 8. Determine p(c).
18
Let l(g) = 45*g + 185. Let b be l(-4). Let r(t) = t**2 - 8*t + 12. Determine r(b).
-3
Suppose 0 = -0*d - 5*d + 45. Let u(n) = -n**2 + 8*n - 5. What is u(d)?
-14
Let b(w) = 94*w + 8 + 104*w - 201*w. What is b(4)?
-4
Suppose 3*q - 1 = -4*c + 5, q = c - 5. Let j(s) = 73*s + s**c + 0 - 65*s - 7*s**2 - 6. What is j(5)?
-16
Let k = 457 + -458. Let g(x) = 11*x**3 + 2*x + 1. What is g(k)?
-12
Let f(n) = 3*n**2 - 2*n - 3. Let r(l) = -l - 1. Let y(h) = f(h) - 3*r(h). Suppose 0 = -3*c + 13 - 7. Suppose -3*d = c*i - 11, -4*d + d - 3*i = -15. Give y(d).
4
Let p(g) = -8*g**2 - 2*g - 1. Suppose 7*k - 100 = 61. Let c = -24 + k. Determine p(c).
-7
Let h(m) be the third derivative of -8*m + 5/12*m**4 - 1/60*m**5 + 3/2*m**3 - 2*m**2 + 0. Calculate h(9).
18
Let j(u) = -u + 6. Let y(d) = 6. Let b(z) = -5*j(z) + 4*y(z). What is b(6)?
24
Let f(x) = -4*x**3 + 9*x**3 + 5*x**3 + x - 13*x**2 - 9*x**3. Determine f(13).
13
Let h(b) be the first derivative of 6 + b + 1/2*b**2. Calculate h(-6).
-5
Let q(z) = -z - 1. Let c be q(-1). Let k(o) be the third derivative of o**5/60 - 3*o**3/2 + 259*o**2. Determine k(c).
-9
Let x(r) = 11*r**3 + r**2 + r. Let u(v) = 12*v + 47. Let o be u(-4). What is x(o)?
-11
Suppose 8 = 4*g + p, 4*p + 10 = 7*g - 2*g. Let a(x) = 3*x**2 - 2*x**g + x**2 + 0*x**2. Let h(s) = -s**3 + 2*s + 2. Let y be h(-1). Determine a(y).
2
Let d(l) = l**3 + 3*l**2 - 4*l - 5. Let s = -215 - -212. Determine d(s).
7
Let a(p) = p**2 + 9*p + 16. Suppose 22*c + 200 = -28*c. Give a(c).
-4
Let x(d) = 104*d + 939. Let o be x(-9). Let l(t) be the second derivative of -t**4/12 + t**3/3 + 3*t. Give l(o).
-3
Let j = -1 + 17. Let c be 0/(-1) + j/(-4). Let d(h) = 2*h + 2. What is d(c)?
-6
Let i(x) be the first derivative of -x**3 - x - 21. Calculate i(1).
-4
Let z(a) be the third derivative of 0*a + 7/60*a**5 + 1/8*a**4 - 12*a**2 + 0 - 4/3*a**3 + 1/120*a**6. Calculate z(-6).
10
Let r be (14/12*-3)/(2/28). Let i = 46 + r. Let q(h) = -h**3 - 3*h**2 - h - 1. Determine q(i).
2
Let s(c) = 7*c + 3*c - 11*c - 3*c. Give s(-5).
20
Suppose 0 = 3*y - 0*y - 9. Let h(a) = 3*a + 49. Let q(g) = 4*g + 58. Let v(i) = -6*h(i) + 5*q(i). Determine v(y).
2
Let i = -1 - 0. Let m(q) be the first derivative of -6 + q**4 + 0*q**3 - 1/2*q**2 - q. Give m(i).
-4
Let o(n) be the third derivative of -1/6*n**4 + 0 - 3*n**2 + 0*n + 1/2*n**3. Let j(r) = r**2 - 9*r + 7. Let x(k) = -4*j(k) + 9*o(k). Determine x(1).
-5
Let h(r) be the third derivative of -29*r**2 + 1/6*r**3 + 0 - 1/12*r**4 + 0*r. Calculate h(1).
-1
Let m = 184 + -178. Let x(f) = -2*f + 5. Calculate x(m).
-7
Let o(q) = -q**2 + 7*q - 2. Suppose 0*p - 34 = -5*p - v, -2*p = -4*v + 4. Calculate o(p).
4
Let d be 16/12*(-33)/2. Let s = -18 - d. Let l(a) = s + 12 - a - 7. Give l(0).
9
Let y = -2355 + 2342. Let w(n) = 3*n + 30. Determine w(y).
-9
Let q(g) be the third derivative of -g**5/60 + g**4/24 + 2*g**3/3 + 3*g**2 - 51. Calculate q(2).
2
Suppose -2*c = -6*c + 12. Let f(h) = -3 - h**3 + c*h - 1 + 2*h**3 + 5*h**2 - h**2. Let a(r) = r**3 - 2*r**2 - 4. Let u be a(0). Determine f(u).
-16
Let q(w) be the second derivative of -2*w**3 - w**2/2 - 24*w. Give q(-3).
35
Suppose -17 = -h - 2*n - n, -18 = -4*h - 2*n. Suppose -3*y - y = 2*q - 2, 2*q = -y + h. Let f be y - (-2 - -3 - 3). Let x(w) = w**2 - 1. Calculate x(f).
3
Let t(d) be the third derivative of -19*d**4/24 + 5*d**3/6 - 2*d**2. Let m(f) = -9*f + 2. Let x(b) = 5*m(b) - 2*t(b). Let g be 2/2*(-1 - 0). What is x(g)?
7
Let n(k) = -6*k - 125. Let t be n(-20). Let q(b) = 6*b + 1. Let o(w) = 3*w. Let z(f) = 5*o(f) - 3*q(f). Calculate z(t).
12
Let o = 75/146 - 1/73. Let k(n) be the second derivative of -3*n + 0*n**2 + 0 - o*n**3. Calculate k(2).
-6
Let z(x) = 97*x - 43*x - 50*x - 3 + 3 - 2. Calculate z(0).
-2
Let n(k) = 2*k + 23. Let r(m) = -2*m**3 + m**2 + 15*m - 14. Let f be r(3). Calculate n(f).
-5
Let s be (88/22)/((-13)/